{"id":2690,"date":"2025-01-01T09:32:42","date_gmt":"2025-01-01T08:32:42","guid":{"rendered":"https:\/\/pact.pt\/events\/alentedge-inauguration-event\/"},"modified":"2025-06-06T15:45:28","modified_gmt":"2025-06-06T14:45:28","slug":"alentedge-inauguration-event","status":"publish","type":"events","link":"https:\/\/pact.pt\/pt-pt\/events\/alentedge-inauguration-event\/","title":{"rendered":"Open Day"},"content":{"rendered":"","protected":false},"featured_media":2283,"template":"","events-tag":[24],"class_list":["post-2690","events","type-events","status-publish","has-post-thumbnail","hentry","events-tag-srtt"],"acf":{"event_date":"20221013","event_time":"09:00:00","event_local":"PACT","event_description":"No dia 13 de outubro de 2022, o PACT \u2013 Parque de Ci\u00eancia e Tecnologia do Alentejo vai abrir, pelo segundo ano consecutivo, as suas portas \u00e0 comunidade. Uma iniciativa que conta com o envolvimento e presen\u00e7a de mais de 20 empresas e organiza\u00e7\u00f5es e um programa de palestras com um painel de oradores de luxo.\r\n\r\nGustavo Carona, Anestesiologista e Intensivista, Tarantini, Antigo futebolista profissional, Orador e Autor, Joana Garoupa, COO do Omnicom Media Group, Jo\u00e3o Mil-Homens, Diretor de Sustentabilidade e Inova\u00e7\u00e3o do Grupo Jos\u00e9 de Mello e Jacinto Lucas Pires, Escritor, Diretor e Diretor, foram alguns dos oradores que integraram o programa de palestras PACT Open Day, moderado por Diana Duarte,\u00a0 Autora do programa \"A minha gera\u00e7\u00e3o\" (RTP3), onde foram debatidos temas nas \u00e1reas de Lideran\u00e7a, Comunica\u00e7\u00e3o, Empreendedorismo e Gest\u00e3o.\r\n\r\nPara al\u00e9m das palestras, e dos stands de demonstra\u00e7\u00e3o presentes, realizaram-se dois workshops sobre Propriedade Intelectual e Marketing Digital. Sess\u00f5es conduzidas por especialistas \u2013 Lu\u00eds Caixinhas, Agente Oficial da Propriedade Industrial\/ Engenheiro de Patentes da Inventa e Ana Mendes, Consultora e Formadora de Marketing Digital \u2013 que tiveram como objetivo dar dicas concretas aos participantes para aumentar as suas hip\u00f3teses de sucesso nestas \u00e1reas.\r\n\r\nSoumodip Sarkar, Presidente Executivo da PACT, disse que \"o Open Day \u00e9 um ponto de encontro para todos aqueles que se interessam pelas \u00e1reas da inova\u00e7\u00e3o, tecnologia e empreendedorismo\" e refor\u00e7ou que \"\u00e9 uma boa oportunidade para criar liga\u00e7\u00f5es entre empresas, estudantes, academia e empreendedores\".\r\n\r\nA Universidade de \u00c9vora, os Institutos Polit\u00e9cnicos de Beja, Portalegre e Santar\u00e9m, CEIIA, Aernnova, Kemet, TE Connectivity, KPMG, Future Compta, Two Impulse e IG&amp;H foram algumas das empresas e organiza\u00e7\u00f5es presentes.\r\n\r\nO PACT Open Day teve como objetivo dar a conhecer o ecossistema PACT \u00e0 comunidade, em particular aos empres\u00e1rios, estudantes do ensino secund\u00e1rio e superior, bem como mostrar o que de melhor se faz em termos de inova\u00e7\u00e3o e tecnologia na regi\u00e3o.","event_program":"","logos":"","file_download":"","register_link":""},"_links":{"self":[{"href":"https:\/\/pact.pt\/pt-pt\/wp-json\/wp\/v2\/events\/2690","targetHints":{"allow":["GET"]}}],"collection":[{"href":"https:\/\/pact.pt\/pt-pt\/wp-json\/wp\/v2\/events"}],"about":[{"href":"https:\/\/pact.pt\/pt-pt\/wp-json\/wp\/v2\/types\/events"}],"wp:featuredmedia":[{"embeddable":true,"href":"https:\/\/pact.pt\/pt-pt\/wp-json\/wp\/v2\/media\/2283"}],"wp:attachment":[{"href":"https:\/\/pact.pt\/pt-pt\/wp-json\/wp\/v2\/media?parent=2690"}],"wp:term":[{"taxonomy":"events-tag","embeddable":true,"href":"https:\/\/pact.pt\/pt-pt\/wp-json\/wp\/v2\/events-tag?post=2690"}],"curies":[{"name":"wp","href":"https:\/\/api.w.org\/{rel}","templated":true}]}}

No dia 13 de outubro de 2022, o PACT – Parque de Ciência e Tecnologia do Alentejo vai abrir, pelo segundo ano consecutivo, as suas portas à comunidade. Uma iniciativa que conta com o envolvimento e presença de mais de 20 empresas e organizações e um programa de palestras com um painel de oradores de luxo.

Gustavo Carona, Anestesiologista e Intensivista, Tarantini, Antigo futebolista profissional, Orador e Autor, Joana Garoupa, COO do Omnicom Media Group, João Mil-Homens, Diretor de Sustentabilidade e Inovação do Grupo José de Mello e Jacinto Lucas Pires, Escritor, Diretor e Diretor, foram alguns dos oradores que integraram o programa de palestras PACT Open Day, moderado por Diana Duarte,  Autora do programa "A minha geração" (RTP3), onde foram debatidos temas nas áreas de Liderança, Comunicação, Empreendedorismo e Gestão.

Para além das palestras, e dos stands de demonstração presentes, realizaram-se dois workshops sobre Propriedade Intelectual e Marketing Digital. Sessões conduzidas por especialistas – Luís Caixinhas, Agente Oficial da Propriedade Industrial/ Engenheiro de Patentes da Inventa e Ana Mendes, Consultora e Formadora de Marketing Digital – que tiveram como objetivo dar dicas concretas aos participantes para aumentar as suas hipóteses de sucesso nestas áreas.

Soumodip Sarkar, Presidente Executivo da PACT, disse que "o Open Day é um ponto de encontro para todos aqueles que se interessam pelas áreas da inovação, tecnologia e empreendedorismo" e reforçou que "é uma boa oportunidade para criar ligações entre empresas, estudantes, academia e empreendedores".

A Universidade de Évora, os Institutos Politécnicos de Beja, Portalegre e Santarém, CEIIA, Aernnova, Kemet, TE Connectivity, KPMG, Future Compta, Two Impulse e IG&amp;H foram algumas das empresas e organizações presentes.

O PACT Open Day teve como objetivo dar a conhecer o ecossistema PACT à comunidade, em particular aos empresários, estudantes do ensino secundário e superior, bem como mostrar o que de melhor se faz em termos de inovação e tecnologia na região.
