{"id":2691,"date":"2025-01-02T17:19:02","date_gmt":"2025-01-02T16:19:02","guid":{"rendered":"https:\/\/pact.pt\/events\/event-2\/"},"modified":"2025-06-06T15:44:47","modified_gmt":"2025-06-06T14:44:47","slug":"event-2","status":"publish","type":"events","link":"https:\/\/pact.pt\/pt-pt\/events\/event-2\/","title":{"rendered":"Forma\u00e7\u00f5es"},"content":{"rendered":"","protected":false},"featured_media":2293,"template":"","events-tag":[],"class_list":["post-2691","events","type-events","status-publish","has-post-thumbnail","hentry"],"acf":{"event_date":"20241112","event_time":"09:00:00","event_local":"PACT","event_description":"Decorreu no passado dia 12 de novembro de 2025, no PACT \u2013 Parque de Ci\u00eancia e Tecnologia do Alentejo, o \"Collab &amp; Connect for Open Innovation\" \u2013 um programa din\u00e2mico que promove a inova\u00e7\u00e3o aberta e a colabora\u00e7\u00e3o entre empresas, com especial enfoque nas pequenas e m\u00e9dias empresas (PME), academia, centros de investiga\u00e7\u00e3o, governa\u00e7\u00e3o e sociedade.\r\n\r\nNo \u00e2mbito do PACT Open Day, este evento transfronteiri\u00e7o contou com a participa\u00e7\u00e3o de entidades do Alentejo, Centro de Portugal e Extremadura espanhola. A iniciativa teve como objetivo partilhar conhecimento, descobrir sinergias e formar alian\u00e7as estrat\u00e9gicas, bem como motivar os participantes a implementar novas estrat\u00e9gias de inova\u00e7\u00e3o aberta nas suas organiza\u00e7\u00f5es.\r\n\r\nIncluiu um painel de discuss\u00e3o sobre pr\u00e1ticas e tend\u00eancias em inova\u00e7\u00e3o aberta, um workshop colaborativo e sess\u00f5es de networking, como o Business Speed Meeting. Nesta atividade, os inscritos puderam criar um perfil atrav\u00e9s de uma plataforma de matchmaking, identificando \u00e1reas de interesse e permitindo o agendamento pr\u00e9vio para reuni\u00f5es B2B. Esta plataforma permitiu aos participantes ligarem-se antes e durante o evento e acederem-lhe.\r\n\r\nO \"Collab &amp; Connect for Open Innovation\" decorreu no \u00e2mbito do projeto DRIVEN cofinanciado pela Uni\u00e3o Europeia atrav\u00e9s do Programa Interreg VI-A Espanha-Portugal (POCTEP) 2021-2027.","event_program":"","logos":"","file_download":"","register_link":""},"_links":{"self":[{"href":"https:\/\/pact.pt\/pt-pt\/wp-json\/wp\/v2\/events\/2691","targetHints":{"allow":["GET"]}}],"collection":[{"href":"https:\/\/pact.pt\/pt-pt\/wp-json\/wp\/v2\/events"}],"about":[{"href":"https:\/\/pact.pt\/pt-pt\/wp-json\/wp\/v2\/types\/events"}],"wp:featuredmedia":[{"embeddable":true,"href":"https:\/\/pact.pt\/pt-pt\/wp-json\/wp\/v2\/media\/2293"}],"wp:attachment":[{"href":"https:\/\/pact.pt\/pt-pt\/wp-json\/wp\/v2\/media?parent=2691"}],"wp:term":[{"taxonomy":"events-tag","embeddable":true,"href":"https:\/\/pact.pt\/pt-pt\/wp-json\/wp\/v2\/events-tag?post=2691"}],"curies":[{"name":"wp","href":"https:\/\/api.w.org\/{rel}","templated":true}]}}

Formações

Decorreu no passado dia 12 de novembro de 2025, no PACT – Parque de Ciência e Tecnologia do Alentejo, o "Collab &amp; Connect for Open Innovation" – um programa dinâmico que promove a inovação aberta e a colaboração entre empresas, com especial enfoque nas pequenas e médias empresas (PME), academia, centros de investigação, governação e sociedade.

No âmbito do PACT Open Day, este evento transfronteiriço contou com a participação de entidades do Alentejo, Centro de Portugal e Extremadura espanhola. A iniciativa teve como objetivo partilhar conhecimento, descobrir sinergias e formar alianças estratégicas, bem como motivar os participantes a implementar novas estratégias de inovação aberta nas suas organizações.

Incluiu um painel de discussão sobre práticas e tendências em inovação aberta, um workshop colaborativo e sessões de networking, como o Business Speed Meeting. Nesta atividade, os inscritos puderam criar um perfil através de uma plataforma de matchmaking, identificando áreas de interesse e permitindo o agendamento prévio para reuniões B2B. Esta plataforma permitiu aos participantes ligarem-se antes e durante o evento e acederem-lhe.

O "Collab &amp; Connect for Open Innovation" decorreu no âmbito do projeto DRIVEN cofinanciado pela União Europeia através do Programa Interreg VI-A Espanha-Portugal (POCTEP) 2021-2027.
